4*i = -15*g + 22, -3*i = -2*g + 15. Let c(o) = -o**3 + 8*o**2 - 5*o - 12. Calculate c(g).
30
Let q(a) = a**2 - 2. Let b be ((-6)/(-9))/(14/6 - 2). Suppose -2*i = 2*x + b, 2*i + i = -x - 11. Give q(x).
14
Let g(v) be the first derivative of -1/4*v**4 + 0*v**3 - 1/2*v**2 + 2*v - 26. Let w = 45 - 43. Determine g(w).
-8
Let h be (-32)/208 + 669*1/39 - -1. Let n(d) = d**3 - 18*d**2 - 4*d + 60. Determine n(h).
-12
Let v = 811 - 810. Let u(j) = 8*j**3 - 7*j**3 + v - 4*j**2 - 3 + 224*j - 232*j. What is u(6)?
22
Suppose 607 - 1907 = 325*f. Let s(l) be the first derivative of 1/3*l**3 + 1 - 5*l + 3/2*l**2. Determine s(f).
-1
Let f(a) = -2 - 2 - 2*a - 3. Let k(o) = 45*o - 194. Let b be k(0). Let c = b + 199. Determine f(c).
-17
Let t be 33/(-77) - 27/(-63). Let u(n) = n**3 - 14. Determine u(t).
-14
Let n(l) = 49*l**2 + 53*l + 71. Let v(q) = -9*q**2 - 10*q - 14. Let k(u) = -2*n(u) - 11*v(u). Calculate k(-8).
44
Let w(i) be the first derivative of i**4/4 + 2*i**3 - 5*i**2/2 + 7*i + 3880. What is w(-7)?
-7
Let z(g) be the third derivative of 2*g**2 + 7/6*g**3 - 6*g + 0 - 1/24*g**4. What is z(-7)?
14
Let x(w) be the second derivative of 5*w**3/6 - 5*w**2/2 - w. Let y(b) = 14*b - 14. Let r = -4329 + 4325. Let a(f) = r*y(f) + 11*x(f). What is a(6)?
-5
Let l(h) = -h**2 + 4*h - 1. Let g = 533 + -521. Suppose 4*t + 5*r - 29 = 2, -g = -4*r. Give l(t).
-1
Let l(s) = s**3 - 7*s**2 - s + 4. Suppose -183 = 2*r + w, -3*w = -r - 0*r - 81. Suppose -8068 = 8*i - 8844. Let q = i + r. Calculate l(q).
-3
Let y(h) = -h**2 - 7*h - 3. Suppose -49 = -7*r - 49. Suppose -3*z - 2*k + r = -2, -5*z - 2*k = -10. Suppose -z*a = -5*c - 43, -1 - 15 = 2*c - a. Give y(c).
-3
Let h(m) = -m**3 - 5*m**2 + 5*m - 2. Let g be h(-6). Suppose c = -2*k + 17, -c = -k - 4*k + g. Let x(s) = 2*s - 16. Determine x(c).
6
Let c(w) = -w**2 + 5*w + 9. Let d be c(5). Let h(m) = 2*m**3 - 3*m**3 + 14 + d + 3*m - 2*m. Let o be (-6)/(-10) + (-12)/20. Give h(o).
23
Let k(w) = -w**3 - 5*w**2 - 4*w + 3. Let r be k(-4). Let h(a) = -a + 3*a**3 - 4*a**3 - r*a**2 - 7 + 3. Let p = 9250 - 9253. Determine h(p).
-1
Suppose -138 = 6*h - 9*h. Let b = h + -26. Let l(f) = -15*f + 20 - b. Give l(-1).
15
Suppose -2*g + 116 = 3*f, -g = 2*f + 3*f - 65. Let i = 365 + -364. Let k be (-13)/11 + i*10/g. Let z(c) = -c**3 - 2*c**2 - 2*c - 1. What is z(k)?
0
Let c(v) be the third derivative of v**5/60 - 5*v**4/12 - 2*v**3/3 - 2991*v**2. What is c(11)?
7
Let w(q) be the third derivative of q**6/120 - 7*q**5/15 + 25*q**4/12 + q**3/3 - 2*q**2 + 251*q + 1. Calculate w(2).
-2
Let w(t) be the second derivative of t**7/2520 - t**6/144 + 7*t**5/120 - 17*t**4/3 + 53*t. Let c(h) be the third derivative of w(h). Give c(5).
7
Let u(f) be the first derivative of f**4/4 + 4*f**3 - f**2 - 1604. Determine u(-12).
24
Let f(w) = 16*w + 13*w + 10*w - 52 - 11*w + 2 - w**2. Give f(23).
65
Let f(r) = -4*r**3 + 7*r**2 + 13*r - 9. Let y(v) = 5*v**3 - 8*v**2 - 16*v + 10. Let m(q) = 7*q + 96. Let t be m(-13). Let x(d) = t*y(d) + 6*f(d). What is x(3)?
35
Suppose -5*d = -25, 0 = 4*a + 8*d - 3*d - 37. Let s(m) = -13 - 13*m - 6*m**2 - m**a + 0*m**3 + 11*m - 5*m**2. Give s(-11).
9
Let m(o) = o**2 + 1. Let t(j) = -3*j**2 - 6. Let f = 309 - 305. Let k(v) = f*m(v) + t(v). What is k(4)?
14
Let c(o) = -160*o + 380. Let k(b) = 5*b - 12. Let q(z) = 6*c(z) + 190*k(z). Suppose 7 = x - 0*x. Let m = -6 + x. Determine q(m).
-10
Let r(l) = 2*l**3 + 13*l**2 + 6*l + 17. Suppose -7*x + 18 = 67. Let w(g) = -g**3 - 9*g**2 - 4*g - 12. Let t(j) = x*w(j) - 5*r(j). Calculate t(-1).
2
Let s(x) = 3*x - 140. Let b(q) = -4*q + 221. Let z(l) = 5*b(l) + 8*s(l). Give z(10).
25
Let r be 46/8 - 12/(-48). Suppose -3*c + 6*c = r. Suppose 4*l - 5*z = 14, 2*l - 10 = 5*z + c. Let f(a) = 5*a + 1. Calculate f(l).
6
Suppose -5*g - 3*u = -2*u - 447, 0 = 4*u + 12. Let k(l) = 39*l - 6 + 43*l - g*l + 3*l**2 - 6*l**2. What is k(-5)?
-41
Suppose -5*q = -4*m + 179, -q + m - 33 - 3 = 0. Let u be (-3192)/q + 2/(-10). Let b(i) = 93 - 7*i - 183 + u. Give b(-1).
8
Let v = 239 + -236. Let r(k) = -819*k**2 + 7 + k**v - 813*k**2 - 2*k + 1627*k**2. Calculate r(6).
31
Let r(k) = k + 8. Let u = 226 + -220. Suppose 5 = -d + b, -u = 4*d - 3*b + 6*b. Determine r(d).
5
Suppose -7*t - 53 = -4. Let q(w) be the first derivative of 5 - 1/2*w**2 - 6*w. What is q(t)?
1
Let t(k) = -122 + 4*k**2 - 483731*k - 2*k**2 + 483732*k. Determine t(-8).
-2
Let a be (1 - 10)*15/(14 - -1). Let k(g) = g**2 + 6*g - 26. What is k(a)?
1
Suppose -z = -2*o + 12 + 18, 34 = 3*o + 4*z. Let q = o - 9. Let d(v) = -13*v - 34. Let r(y) = 6*y + 15. Let g(f) = 4*d(f) + 9*r(f). What is g(q)?
9
Let a be (-7)/(21/(-12)) - 3. Let f(r) = 2*r - 6*r**2 + r + 1 - 5*r + a + 2*r**2. Determine f(1).
-4
Let l(o) = -2*o**2 - 2078*o + 0*o**2 + 2090*o + 3*o**2 + 30. Determine l(-5).
-5
Suppose -6*z - 12 = -10*z. Suppose -z*y = -3*v - 18, -4*y + 12 = v + y. Let k be ((v - 3)/(-12))/((-1)/(-8)). Let j(b) = -b**2 + b - 2. Determine j(k).
-14
Let y(q) be the second derivative of q**5/20 - q**4/3 + 7*q**3/6 - 11*q**2/2 - 7*q. Let n be y(3). Let g(k) = 33*k**3 + k**2 - k + 1. Determine g(n).
34
Let q(n) be the first derivative of n**6/120 - n**5/30 - n**4/6 - n**3/3 - 5*n**2/2 - n + 61. Let x(k) be the second derivative of q(k). Determine x(-2).
-10
Suppose 2*b - 12 = -b, -4*b = -2*f - 16. Let s be (-2 - -1) + 6 - (f + -2). Let v(x) = -5*x - 4. Let p(h) = h. Let z(n) = -6*p(n) - v(n). Give z(s).
-3
Let i(h) = 5*h**3 + h**2 - 1. Let n(l) = -9*l**3 - 14*l**2 + 15*l + 4. Let k(t) = -2*i(t) - n(t). Calculate k(11).
-46
Let v = 23 + -24. Let w(c) = -4*c - 11. Let b(z) = -z. Let q(l) = v*w(l) + 5*b(l). Calculate q(6).
5
Suppose -12 - 60 = -9*v. Suppose 0 = -l + 6 - v. Let f(m) = m**3 + 3*m**2 + 2*m. Give f(l).
0
Let p(a) be the second derivative of -5*a**3/2 - 4*a**2 + 2737*a. What is p(3)?
-53
Let i(w) = -3*w + 2. Suppose -3*x = -9, 4*y + 6*x = x + 39. Let b be (-6)/5 - (-304)/95. Suppose -y*q + b = -22. What is i(q)?
-10
Suppose 3*r + d + 2*d = 396, -r - 2*d + 137 = 0. Let i = -127 + r. Let b(p) = -p**2 - p - 20. Give b(i).
-20
Let f(l) = -3*l**3 + l**2 - l. Suppose 22*j = 16*j + 18. Suppose 0 = j*o + 5*p + 1, -5*o + 3*p = -2*o + 9. Calculate f(o).
30
Let j(w) = -w - 6. Let m = 619 + -618. Suppose -5*l + m = 21. Give j(l).
-2
Let s(r) = 14659 - r**3 + r**3 - r**3 + 0*r**3 - 7*r**2 - 14652 - r. Suppose -2*g = -0*g - 8. Suppose -v = 3*m - 5, -10 - 13 = v - g*m. What is s(v)?
14
Let y be (-6)/(-12)*-10 + 9/(-7 - -4). Let x(u) = u**3 + 10*u**2 + 20*u + 6. Determine x(y).
-26
Let f(u) be the third derivative of 0 + 120*u**2 - 3/2*u**3 - 1/60*u**5 + 1/2*u**4 + 0*u. Calculate f(7).
26
Suppose a - 5*x = 2, 2*a + 2*x + 3 = 7. Let z(t) = a - 3*t + 12 - 6 - 7. Let p be z(2). Let v(w) = -w**3 - 6*w**2 - w + 1. Determine v(p).
-19
Suppose -7 = -5*z + 2*b, 0 = -5*z - 29*b + 25*b + 31. Let k(u) = -u**3 + u**2 + 4*u + 10. What is k(z)?
4
Let y(f) be the first derivative of -3*f**2 - 9*f - 6151. What is y(-1)?
-3
Let t(h) = 3*h + 7. Suppose -4*x - 64 = 12. Let j be (-12)/(-9)*3/2 - x. Suppose 2*s + s = -j. Determine t(s).
-14
Suppose 4*g - 36 = -14*g. Suppose g*l = 8*l - 30. Let m(w) = -w**2 + 2*w + 7. Determine m(l).
-8
Let f(i) = 57*i + 296. Let y be f(-5). Let d(c) = -c**3 + 10*c**2 + 9*c + 10. What is d(y)?
-12
Let b be 11 + 1 + (20 - 9). Let y(p) = p**2 - 26*p + 76. Determine y(b).
7
Suppose 3*g + 3*d = 12, 5*g = 3*d + 14 - 2. Suppose 6 = g*s, s = -3*c - s - 11. Let h(w) = -w**2 - 7*w + 6. Determine h(c).
16
Let g(o) = -o**2 - o + 2. Let w be (-1 - 2/(-4))/(10/(-300)). Suppose w*y = 4*y + 66. Let m be 2 + (-3 + y - 2). Determine g(m).
-10
Let f(x) = 2*x + 1. Suppose 39*y + 20 = -5*p + 34*y, y = -4*p + 2. Let h(g) be the first derivative of -2*g**2 + 10*g - 1. Let r be h(p). Calculate f(r).
5
Let r(d) = 8*d**2. Let s(c) = 31*c**2 + 4*c + 2. Let m(f) = 2*r(f) - s(f). Determine m(-1).
-13
Let f(v) = -v**3 + 16*v**2 + 24*v - 103. Let q be f(17). Let j(d) = 41*d - q*d - d**2 - 3 + 2*d**2 - 24*d + 4. Calculate j(3).
13
Let p(w) = -6*w - 176. Suppose 0 = -4*j + 3*g - 134, 5*j + 157 = 1739*g - 1737*g. Give p(j).
-2
Suppose -16 = -6*m + 2*m. Suppose 4*g - 3*g - 5*s = -5, 3*g = -m*s + 23. Suppose -5*x - 35 = g*f, x + 2 = 1. Let c(q) = -q**3 - 7*q**2 - 5*q. Determine c(f).
-6
Let x(p) = 10*p - 5*p - 5*p 